{"id":213,"date":"2014-11-09T14:44:44","date_gmt":"2014-11-09T13:44:44","guid":{"rendered":"http:\/\/www.gasthaus-stuckatz.de\/?page_id=213"},"modified":"2015-02-09T20:51:53","modified_gmt":"2015-02-09T19:51:53","slug":"chronik","status":"publish","type":"page","link":"https:\/\/www.gasthaus-stuckatz.de\/?page_id=213","title":{"rendered":"Chronik"},"content":{"rendered":"<p>&nbsp;<\/p>\n<p>Das Gasthaus Stuckatz in Dollenchen kann im Jahr 2012 auf eine 100-j\u00e4hrige Tradition zur\u00fcckblicken. Seit 1912 befindet es sich im Familienbesitz. Seine Geschichte ist eng mit der Familiengeschichte und dem Dorf- und Vereinsleben von Dollenchen verbunden.<\/p>\n<h1 style=\"text-align: center;\">1912<\/h1>\n<p style=\"text-align: center;\"><div class=\"sep\"><\/div><\/p>\n<p>Am 12. September 1912 er\u00f6ffnen die frisch verm\u00e4hlten Eheleute Selma, geb. Kaiser, und Hermann Stuckatz das Gasthaus am Marktplatz von Dollenchen. Hermanns Vater Gottlieb Stuckatz, Inhaber einer Baufirma in Gro\u00dfr\u00e4schen und seine Frau Marie, geb. Jacobza, erwarben es als Hochzeitsgeschenk f\u00fcr die beiden. Neben dem Gastraum geh\u00f6ren zu dem im Jahr 1880 erbauten Haus ein Saal, ein Vereinszimmer, eine Wohnung sowie Wald, Wiesen und Acker. Aus der Ehe von Selma und Hermann gehen die Kinder Georg und Heinz hervor.<\/p>\n<h1 style=\"text-align: center;\">1945<\/h1>\n<p style=\"text-align: center;\"><div class=\"sep\"><\/div><\/p>\n<p>Georg heiratet im Dezember 1945 Hilde, geb. Radlach, aus Dollenchen. Sie \u00fcbernehmen das Gasthaus und f\u00fchren auch die Landwirtschaft auf Hildes elterlichem Hof in diesen schwierigen Jahren privat weiter. Aus der Ehe von Hilde und Georg gehen die Kinder K\u00e4the, Franz-Hermann und J\u00f6rg hervor. Selma und Hermann wohnen weiterhin in der Gastwirtschaft und arbeiten tatkr\u00e4ftig mit.<\/p>\n<h1 style=\"text-align: center;\">1962<\/h1>\n<p style=\"text-align: center;\"><div class=\"sep\"><\/div><\/p>\n<p>1962 muss die Familie, zum Erhalt des Gasthauses, einen Kommissionshandelsvertrag mit der Konsumgenossenschaft Finsterwalde schlie\u00dfen. Das bedeutet, Grundst\u00fcck und Inventar bleiben Eigentum der Familie. Die Ware, die auf Kommissionsbasis verkauft wird, stellt die Konsumgenossenschaft. Mit dem Fall der Mauer kann dieser Vertrag wieder aufgel\u00f6st werden.<\/p>\n<h1 style=\"text-align: center;\">1982<\/h1>\n<p style=\"text-align: center;\"><div class=\"sep\"><\/div><\/p>\n<p>Heike und J\u00f6rg Stuckatz heiraten im Januar 1982 und beginnen fortan gemeinsam das Gasthaus zu bewirtschaften. Hilde, Georg und die Familie unterst\u00fctzen die beiden dabei. Die Arbeit ist gepr\u00e4gt durch viele Familienfeiern, Brigadefeste und das Dollenchener Vereinsleben. Aus der Ehe von Heike und J\u00f6rg gehen die Kinder Diana und Raimund hervor.<\/p>\n<h1 style=\"text-align: center;\">1992<\/h1>\n<p style=\"text-align: center;\"><div class=\"sep\"><\/div><\/p>\n<p>1992 wird das G\u00e4stehaus Diana feierlich eingeweiht. In den Folgejahren wird die K\u00fcche komplett modernisiert, Lagerr\u00e4ume angebaut; ein uriger Weinkeller, der Biergarten, die Au\u00dfenanlagen mit Terrasse und Wasserlauf entstehen. Das Nebengeb\u00e4ude wird zu weiteren G\u00e4stezimmern und einer Sauna ausgebaut. Nicht nur G\u00e4nsebraten und Spargel locken zahlreiche G\u00e4ste aus der ganzen Welt immer wieder nach Dollenchen. Ein Meter \u201eJ\u00f6rgs Kr\u00e4uter\u201c mit Sauerstoff wird dabei auch gern getrunken.<\/p>\n<h1 style=\"text-align: center;\">2012<\/h1>\n<p style=\"text-align: center;\"><div class=\"sep\"><\/div><\/p>\n<p>Im September 2012 kann die Familie auf eine 100-j\u00e4hrige Geschichte des Gasthauses zur\u00fcckblicken. Vier Generationen, die Hand in Hand zusammenarbeiten und es so schaffen, das Hochzeitsgeschenk von Selma und Hermann Stuckatz zukunftsweisend in Ehren zu halten.<\/p>\n\n\t\t<style type=\"text\/css\">\n\t\t\t#gallery-1 {\n\t\t\t\tmargin: auto;\n\t\t\t}\n\t\t\t#gallery-1 .gallery-item {\n\t\t\t\tfloat: left;\n\t\t\t\tmargin-top: 10px;\n\t\t\t\ttext-align: center;\n\t\t\t\twidth: 33%;\n\t\t\t}\n\t\t\t#gallery-1 img {\n\t\t\t\tborder: 2px solid #cfcfcf;\n\t\t\t}\n\t\t\t#gallery-1 .gallery-caption {\n\t\t\t\tmargin-left: 0;\n\t\t\t}\n\t\t\t\/* see gallery_shortcode() in wp-includes\/media.php *\/\n\t\t<\/style>\n\t\t<div id='gallery-1' class='gallery galleryid-213 gallery-columns-3 gallery-size-thumbnail'><dl class='gallery-item'>\n\t\t\t<dt class='gallery-icon landscape'>\n\t\t\t\t<a href='https:\/\/www.gasthaus-stuckatz.de\/wp-content\/uploads\/2014\/11\/Raimund-0412-e1422606752764.jpg'><img width=\"150\" height=\"150\" src=\"https:\/\/www.gasthaus-stuckatz.de\/wp-content\/uploads\/2014\/11\/Raimund-0412-150x150.jpg\" class=\"attachment-thumbnail size-thumbnail\" alt=\"\" decoding=\"async\" loading=\"lazy\" \/><\/a>\n\t\t\t<\/dt><\/dl><dl class='gallery-item'>\n\t\t\t<dt class='gallery-icon landscape'>\n\t\t\t\t<a href='https:\/\/www.gasthaus-stuckatz.de\/wp-content\/uploads\/2014\/11\/Bild-065.jpg'><img width=\"150\" height=\"150\" src=\"https:\/\/www.gasthaus-stuckatz.de\/wp-content\/uploads\/2014\/11\/Bild-065-150x150.jpg\" class=\"attachment-thumbnail size-thumbnail\" alt=\"\" decoding=\"async\" loading=\"lazy\" \/><\/a>\n\t\t\t<\/dt><\/dl><dl class='gallery-item'>\n\t\t\t<dt class='gallery-icon landscape'>\n\t\t\t\t<a href='https:\/\/www.gasthaus-stuckatz.de\/wp-content\/uploads\/2014\/11\/Bild-049.jpg'><img width=\"150\" height=\"150\" src=\"https:\/\/www.gasthaus-stuckatz.de\/wp-content\/uploads\/2014\/11\/Bild-049-150x150.jpg\" class=\"attachment-thumbnail size-thumbnail\" alt=\"\" decoding=\"async\" loading=\"lazy\" \/><\/a>\n\t\t\t<\/dt><\/dl><br style=\"clear: both\" \/><dl class='gallery-item'>\n\t\t\t<dt class='gallery-icon landscape'>\n\t\t\t\t<a href='https:\/\/www.gasthaus-stuckatz.de\/wp-content\/uploads\/2014\/11\/mupa-003-e1422605705320.jpg'><img width=\"150\" height=\"150\" src=\"https:\/\/www.gasthaus-stuckatz.de\/wp-content\/uploads\/2014\/11\/mupa-003-150x150.jpg\" class=\"attachment-thumbnail size-thumbnail\" alt=\"\" decoding=\"async\" loading=\"lazy\" \/><\/a>\n\t\t\t<\/dt><\/dl><dl class='gallery-item'>\n\t\t\t<dt class='gallery-icon landscape'>\n\t\t\t\t<a href='https:\/\/www.gasthaus-stuckatz.de\/wp-content\/uploads\/2014\/11\/Bild-036.jpg'><img width=\"150\" height=\"150\" src=\"https:\/\/www.gasthaus-stuckatz.de\/wp-content\/uploads\/2014\/11\/Bild-036-150x150.jpg\" class=\"attachment-thumbnail size-thumbnail\" alt=\"\" decoding=\"async\" loading=\"lazy\" \/><\/a>\n\t\t\t<\/dt><\/dl><dl class='gallery-item'>\n\t\t\t<dt class='gallery-icon portrait'>\n\t\t\t\t<a href='https:\/\/www.gasthaus-stuckatz.de\/wp-content\/uploads\/2014\/11\/DSC01162-e1422605482861.jpg'><img width=\"150\" height=\"150\" src=\"https:\/\/www.gasthaus-stuckatz.de\/wp-content\/uploads\/2014\/11\/DSC01162-150x150.jpg\" class=\"attachment-thumbnail size-thumbnail\" alt=\"\" decoding=\"async\" loading=\"lazy\" \/><\/a>\n\t\t\t<\/dt><\/dl><br style=\"clear: both\" \/><dl class='gallery-item'>\n\t\t\t<dt class='gallery-icon landscape'>\n\t\t\t\t<a href='https:\/\/www.gasthaus-stuckatz.de\/wp-content\/uploads\/2014\/11\/Bild-051.jpg'><img width=\"150\" height=\"150\" src=\"https:\/\/www.gasthaus-stuckatz.de\/wp-content\/uploads\/2014\/11\/Bild-051-150x150.jpg\" class=\"attachment-thumbnail size-thumbnail\" alt=\"\" decoding=\"async\" loading=\"lazy\" \/><\/a>\n\t\t\t<\/dt><\/dl><dl class='gallery-item'>\n\t\t\t<dt class='gallery-icon landscape'>\n\t\t\t\t<a href='https:\/\/www.gasthaus-stuckatz.de\/wp-content\/uploads\/2014\/11\/Bild-080.jpg'><img width=\"150\" height=\"150\" src=\"https:\/\/www.gasthaus-stuckatz.de\/wp-content\/uploads\/2014\/11\/Bild-080-150x150.jpg\" class=\"attachment-thumbnail size-thumbnail\" alt=\"\" decoding=\"async\" loading=\"lazy\" \/><\/a>\n\t\t\t<\/dt><\/dl><dl class='gallery-item'>\n\t\t\t<dt class='gallery-icon landscape'>\n\t\t\t\t<a href='https:\/\/www.gasthaus-stuckatz.de\/wp-content\/uploads\/2014\/11\/Bild-071.jpg'><img width=\"150\" height=\"150\" src=\"https:\/\/www.gasthaus-stuckatz.de\/wp-content\/uploads\/2014\/11\/Bild-071-150x150.jpg\" class=\"attachment-thumbnail size-thumbnail\" alt=\"\" decoding=\"async\" loading=\"lazy\" \/><\/a>\n\t\t\t<\/dt><\/dl><br style=\"clear: both\" \/><dl class='gallery-item'>\n\t\t\t<dt class='gallery-icon landscape'>\n\t\t\t\t<a href='https:\/\/www.gasthaus-stuckatz.de\/wp-content\/uploads\/2014\/11\/Bild-027.jpg'><img width=\"150\" height=\"150\" src=\"https:\/\/www.gasthaus-stuckatz.de\/wp-content\/uploads\/2014\/11\/Bild-027-150x150.jpg\" class=\"attachment-thumbnail size-thumbnail\" alt=\"\" decoding=\"async\" loading=\"lazy\" \/><\/a>\n\t\t\t<\/dt><\/dl><dl class='gallery-item'>\n\t\t\t<dt class='gallery-icon landscape'>\n\t\t\t\t<a href='https:\/\/www.gasthaus-stuckatz.de\/wp-content\/uploads\/2014\/11\/Bild-024.jpg'><img width=\"150\" height=\"150\" src=\"https:\/\/www.gasthaus-stuckatz.de\/wp-content\/uploads\/2014\/11\/Bild-024-150x150.jpg\" class=\"attachment-thumbnail size-thumbnail\" alt=\"\" decoding=\"async\" loading=\"lazy\" \/><\/a>\n\t\t\t<\/dt><\/dl><dl class='gallery-item'>\n\t\t\t<dt class='gallery-icon landscape'>\n\t\t\t\t<a href='https:\/\/www.gasthaus-stuckatz.de\/wp-content\/uploads\/2014\/11\/Bild-010.jpg'><img width=\"150\" height=\"150\" src=\"https:\/\/www.gasthaus-stuckatz.de\/wp-content\/uploads\/2014\/11\/Bild-010-150x150.jpg\" class=\"attachment-thumbnail size-thumbnail\" alt=\"\" decoding=\"async\" loading=\"lazy\" \/><\/a>\n\t\t\t<\/dt><\/dl><br style=\"clear: both\" \/>\n\t\t<\/div>\n\n","protected":false},"excerpt":{"rendered":"<p>&nbsp; Das Gasthaus Stuckatz in Dollenchen kann im Jahr 2012 auf eine 100-j\u00e4hrige Tradition zur\u00fcckblicken. Seit 1912 befindet es sich im Familienbesitz. Seine Geschichte ist eng mit der Familiengeschichte und dem Dorf- und Vereinsleben von Dollenchen verbunden. 1912 Am 12. September 1912 er\u00f6ffnen die frisch verm\u00e4hlten Eheleute Selma, geb. Kaiser, und Hermann Stuckatz das Gasthaus [&hellip;]<\/p>\n","protected":false},"author":1,"featured_media":357,"parent":0,"menu_order":0,"comment_status":"closed","ping_status":"closed","template":"","meta":[],"_links":{"self":[{"href":"https:\/\/www.gasthaus-stuckatz.de\/index.php?rest_route=\/wp\/v2\/pages\/213"}],"collection":[{"href":"https:\/\/www.gasthaus-stuckatz.de\/index.php?rest_route=\/wp\/v2\/pages"}],"about":[{"href":"https:\/\/www.gasthaus-stuckatz.de\/index.php?rest_route=\/wp\/v2\/types\/page"}],"author":[{"embeddable":true,"href":"https:\/\/www.gasthaus-stuckatz.de\/index.php?rest_route=\/wp\/v2\/users\/1"}],"replies":[{"embeddable":true,"href":"https:\/\/www.gasthaus-stuckatz.de\/index.php?rest_route=%2Fwp%2Fv2%2Fcomments&post=213"}],"version-history":[{"count":9,"href":"https:\/\/www.gasthaus-stuckatz.de\/index.php?rest_route=\/wp\/v2\/pages\/213\/revisions"}],"predecessor-version":[{"id":433,"href":"https:\/\/www.gasthaus-stuckatz.de\/index.php?rest_route=\/wp\/v2\/pages\/213\/revisions\/433"}],"wp:featuredmedia":[{"embeddable":true,"href":"https:\/\/www.gasthaus-stuckatz.de\/index.php?rest_route=\/wp\/v2\/media\/357"}],"wp:attachment":[{"href":"https:\/\/www.gasthaus-stuckatz.de\/index.php?rest_route=%2Fwp%2Fv2%2Fmedia&parent=213"}],"curies":[{"name":"wp","href":"https:\/\/api.w.org\/{rel}","templated":true}]}}